{"id":9,"date":"2018-10-24T05:24:52","date_gmt":"2018-10-24T05:24:52","guid":{"rendered":"https:\/\/kst.ffzg.unizg.hr\/?page_id=9"},"modified":"2020-05-14T14:07:08","modified_gmt":"2020-05-14T14:07:08","slug":"about","status":"publish","type":"page","link":"https:\/\/kst.ffzg.unizg.hr\/index.php\/about\/","title":{"rendered":"O nama"},"content":{"rendered":"\n<h4>\u0160to radi Klub studenata turkologije?<\/h4>\n\n\n\n<p style=\"text-align:justify\" class=\"has-drop-cap\">Klub studenata turkologije, jedna od najaktivnijih studentskih organizacija na FFZG-u, osnovan je 18. studenoga 2008. godine pri Filozofskome fakultetu Sveu\u010dili\u0161ta u Zagrebu s ciljem posredovanja u komunikaciji izme\u0111u studenata i upravnih tijela sveu\u010dili\u0161ta i drugih institucija; okupljanja i rada na zajedni\u010dkim ciljevima studenata i diplomiranih turkologa; pomo\u0107i pri organiziraciji i ostvarivanju studenatskih projekata i organizacije tribina, skupova, seminara i kulturno-umjetni\u010dkih programa vezanih uz struku i srodna podru\u010dja.<\/p>\n\n\n\n<h4>Kada po\u010dinje povijest na\u0161ega Kluba?<\/h4>\n\n\n\n<p style=\"text-align:justify\" class=\"has-drop-cap\">U Registar udruga upisan je 21. sije\u010dnja 2009. godine, a tamo se vodi pod registrarskim brojem 21006566 te starim nazivom <em>Klub studenata turkologije <\/em>Dernek. Na prvoj je skup\u0161tini za predsjednicu izabrana Jana Bu\u0161i\u0107, zamjenicu Izidora Hercigonja, a tajnicu Petra Noseti\u0107. Tijekom nekoliko sljede\u0107ih godina ne postoji previ\u0161e zapisa o aktivnosti Kluba, poznato je tek da je dolazilo do (ne preuspje\u0161nih) poku\u0161aja revitalizacije.<\/p>\n\n\n\n<h4><a href=\"https:\/\/kst.ffzg.unizg.hr\/index.php\/about\/saziv-kluba\/\">Tko je tko u Klubu?<\/a><\/h4>\n\n\n\n<p style=\"text-align:justify\" class=\"has-drop-cap\">Krajem travnja 2018. godine, uglavnom me\u0111u studentima tada prve godine, pokrenuta je inicijativa za ponovnim pokretanjem Kluba. Napisan je i usvojen novi statut, izabrani novi \u010dlanovi Predsjedni\u0161tva, Nadzornoga odbora, zastupnici Kluba, Likvidator te Tajnica. Za predsjednika je Kluba izabran <a href=\"https:\/\/kst.ffzg.unizg.hr\/index.php\/about\/saziv-kluba\/marko-sapina\/\">Marko \u0160apina<\/a>, tada student prve godine koji je nastavio voditi Klub nekoliko godina. Zamjenica je <a href=\"https:\/\/kst.ffzg.unizg.hr\/index.php\/about\/saziv-kluba\/jelena-jazvo\/\">Jelena Jazvo<\/a>.<\/p>\n\n\n\n<figure class=\"wp-block-image alignfull\"><img loading=\"lazy\" width=\"1502\" height=\"835\" src=\"https:\/\/kst.ffzg.unizg.hr\/wp-content\/uploads\/2018\/10\/Picture1-1.png\" alt=\"\" class=\"wp-image-145\" srcset=\"https:\/\/kst.ffzg.unizg.hr\/wp-content\/uploads\/2018\/10\/Picture1-1.png 1502w, https:\/\/kst.ffzg.unizg.hr\/wp-content\/uploads\/2018\/10\/Picture1-1-300x167.png 300w, https:\/\/kst.ffzg.unizg.hr\/wp-content\/uploads\/2018\/10\/Picture1-1-768x427.png 768w, https:\/\/kst.ffzg.unizg.hr\/wp-content\/uploads\/2018\/10\/Picture1-1-1024x569.png 1024w\" sizes=\"(max-width: 1502px) 100vw, 1502px\" \/><figcaption>\u010clanovi prisutni na sjednici u travnju 2018. g.<\/figcaption><\/figure>\n\n\n\n<h4>\u0160to smo do sada postigli?<\/h4>\n\n\n\n<p style=\"text-align:justify\" class=\"has-drop-cap\">U razdoblju nakon ponovne aktivacije klupske aktivnosti dovedene su na zaslu\u017eenu razinu: \u010dlanovi Kluba redovito organiziraju orijentacijske radionice hrvatskoga jezika za studente iz Turske koji u Zagreb dolaze putem programa razmjene Erasmus, kao i pri\u010daonice s Turcima koji \u017eive ili rade u Zagrebu. \u010clanovi brinu za studentski status kako na Katedri za turkologiju, tako i na cijelome Filozofskom fakultetu te su pokreta\u010di brojnih inicijativa. Kao najve\u0107i klupski projekt isti\u010de se svakako studijsko putovanje za preko 40 \u010dlanova Kluba u Istanbul u rujnu 2019. godine. Osim toga, u studenome iste godine organizirano je i obilje\u017eavanje Tjedna turske slovne revolucije prilikom kojega je u prostorijama Filozofskoga fakulteta izlo\u017eena i izlo\u017eba fotografija <em>Jesen u Istanbulu<\/em> koje su nastale prilikom rujanske terenske nastave.<\/p>\n\n\n\n<figure class=\"wp-block-image alignfull\"><img loading=\"lazy\" width=\"1024\" height=\"683\" src=\"https:\/\/kst.ffzg.unizg.hr\/wp-content\/uploads\/2020\/05\/71318811_2317066235089417_4395407008887472128_o-1024x683.jpg\" alt=\"\" class=\"wp-image-1242\" srcset=\"https:\/\/kst.ffzg.unizg.hr\/wp-content\/uploads\/2020\/05\/71318811_2317066235089417_4395407008887472128_o-1024x683.jpg 1024w, https:\/\/kst.ffzg.unizg.hr\/wp-content\/uploads\/2020\/05\/71318811_2317066235089417_4395407008887472128_o-300x200.jpg 300w, https:\/\/kst.ffzg.unizg.hr\/wp-content\/uploads\/2020\/05\/71318811_2317066235089417_4395407008887472128_o-768x512.jpg 768w, https:\/\/kst.ffzg.unizg.hr\/wp-content\/uploads\/2020\/05\/71318811_2317066235089417_4395407008887472128_o.jpg 2048w\" sizes=\"(max-width: 1024px) 100vw, 1024px\" \/><figcaption>\u010clanovi Kluba u posjetu Generalnome konzulatu Republike Hrvatske u Istanbulu s konzulicom dr.sc. Ivanom Zerec<\/figcaption><\/figure>\n\n\n\n<h4>S kim sura\u0111uje na\u0161 Klub studenata?<\/h4>\n\n\n\n<p style=\"text-align:justify\" class=\"has-drop-cap\">Nakon ponovne aktivacije Kluba uspostavljen je odnos s raznim tijelima, organima i institucijama: mati\u010dnom Katedrom za turkologiju na FFZG-u, Veleposlanstvom Republike Turske u Zagrebu, Hrvatsko-turskom udrugom prijateljstva, Turskom agencijom za koordinaciju i razvoj, Generalnim konzulatom Republike Hrvatske u Istanbulu, Institutom Yunus Emre i sl. Osim toga, izrazito smo ponosni na uspje\u0161nu suradnju s fakultetskim tijelima, ponajprije Knji\u017enicom Filozofskoga fakuleta, Dekanicom i prodekanima, ali i Klubom studenata filozfoskoga fakulteta.<\/p>\n\n\n\n<h4>Za kraj&#8230;<\/h4>\n\n\n\n<p style=\"text-align:justify\" class=\"has-drop-cap\">Mre\u017ene starnice Kluba, uz odluku prodekanice za nastavu i rad sa studentima od 22. listopada 2018, pokrenute su zahvaljuju\u0107i Slu\u017ebi za informacitiku FFZG-a 24. listopada 2018. godine. Klub je iznova registriran u Registar udruga Republike Hrvatske, ali i Registar neprofitnih organizacija, Upisnik studentskih udruga Sveu\u010dili\u0161ta u Zagrebu. Od sredine 2019. godine posjeduje ra\u010dun u banci Kentbank d.d, a od 2020. zapo\u010dinje suradnju s nekoliko udru\u017eenja mladih u Republici Turskoj.<\/p>\n","protected":false},"excerpt":{"rendered":"<p>\u0160to radi Klub studenata turkologije? Klub studenata turkologije, jedna od najaktivnijih studentskih organizacija na FFZG-u, osnovan je 18. studenoga 2008. godine pri Filozofskome fakultetu Sveu\u010dili\u0161ta u Zagrebu s ciljem posredovanja u komunikaciji izme\u0111u studenata i upravnih tijela sveu\u010dili\u0161ta i drugih institucija; okupljanja i rada na zajedni\u010dkim ciljevima studenata i diplomiranih turkologa; pomo\u0107i pri organiziraciji i [&hellip;]<\/p>\n","protected":false},"author":2,"featured_media":0,"parent":0,"menu_order":2,"comment_status":"closed","ping_status":"closed","template":"","meta":{"spay_email":""},"_links":{"self":[{"href":"https:\/\/kst.ffzg.unizg.hr\/index.php\/wp-json\/wp\/v2\/pages\/9"}],"collection":[{"href":"https:\/\/kst.ffzg.unizg.hr\/index.php\/wp-json\/wp\/v2\/pages"}],"about":[{"href":"https:\/\/kst.ffzg.unizg.hr\/index.php\/wp-json\/wp\/v2\/types\/page"}],"author":[{"embeddable":true,"href":"https:\/\/kst.ffzg.unizg.hr\/index.php\/wp-json\/wp\/v2\/users\/2"}],"replies":[{"embeddable":true,"href":"https:\/\/kst.ffzg.unizg.hr\/index.php\/wp-json\/wp\/v2\/comments?post=9"}],"version-history":[{"count":28,"href":"https:\/\/kst.ffzg.unizg.hr\/index.php\/wp-json\/wp\/v2\/pages\/9\/revisions"}],"predecessor-version":[{"id":1482,"href":"https:\/\/kst.ffzg.unizg.hr\/index.php\/wp-json\/wp\/v2\/pages\/9\/revisions\/1482"}],"wp:attachment":[{"href":"https:\/\/kst.ffzg.unizg.hr\/index.php\/wp-json\/wp\/v2\/media?parent=9"}],"curies":[{"name":"wp","href":"https:\/\/api.w.org\/{rel}","templated":true}]}}