{"id":211,"date":"2018-10-24T05:24:52","date_gmt":"2018-10-24T05:24:52","guid":{"rendered":"https:\/\/kst.ffzg.unizg.hr\/?page_id=211"},"modified":"2019-01-27T14:13:27","modified_gmt":"2019-01-27T14:13:27","slug":"hakkimizda","status":"publish","type":"page","link":"https:\/\/kst.ffzg.unizg.hr\/index.php\/tr\/hakkimizda\/","title":{"rendered":"Hakk\u0131m\u0131zda"},"content":{"rendered":"\n<p class=\"has-drop-cap\">T\u00fcrkoloji \u00d6\u011frencileri Kul\u00fcb\u00fc, Zagreb \u00dcniversitesi Felsefe Fak\u00fcltesinde T\u00fcrkoloji \u00f6\u011frencileriyle \u00fcniversitenin ve di\u011fer kurumlar\u0131n idar\u00ee organlar\u0131 aras\u0131nda ileti\u015fimi sa\u011flama, \u00f6\u011frencileri ve lisans\u00fcst\u00fc T\u00fcrkologlar\u0131 bir araya getirmek amac\u0131yla 18 Kas\u0131m 2008 tarihinde kurulmu\u015ftur. <\/p>\n\n\n\n<p>Kul\u00fcb\u00fcm\u00fcz\u00fcn tarihi ge\u00e7mi\u015fe dayanmaktad\u0131r. H\u0131rvatistan dernekler sicilinde 21 Ocak 2009 tarihli 21006566 sicil numaras\u0131 ile halen T\u00fcrkoloji \u00d6\u011frencileri Kul\u00fcb\u00fc Dernek ad\u0131yla kay\u0131tl\u0131d\u0131r. Derne\u011fimizin ilk toplant\u0131s\u0131nda ba\u015fkanl\u0131\u011fa Jana Bu\u0161i\u0107, ba\u015fkan yard\u0131mc\u0131l\u0131\u011f\u0131na Izidora Hercigonja, sekreterli\u011fe Petra Noseti\u0107 se\u00e7ilmi\u015ftir. Sonraki birka\u00e7 y\u0131l i\u00e7inde kul\u00fcb\u00fcn faaliyetleri hakk\u0131nda fazla kay\u0131t bulunamam\u0131\u015ft\u0131r ancak birka\u00e7 kere (fazla ba\u015far\u0131l\u0131 olmayan) kul\u00fcb\u00fcm\u00fcz\u00fc canland\u0131rma giri\u015fimleri oldu\u011fu da bilinmektedir.<\/p>\n\n\n\n<p><\/p>\n\n\n\n<figure class=\"wp-block-image\"><img loading=\"lazy\" width=\"1502\" height=\"835\" src=\"https:\/\/kst.ffzg.unizg.hr\/wp-content\/uploads\/2018\/10\/Picture1-1.png\" alt=\"\" class=\"wp-image-145\" srcset=\"https:\/\/kst.ffzg.unizg.hr\/wp-content\/uploads\/2018\/10\/Picture1-1.png 1502w, https:\/\/kst.ffzg.unizg.hr\/wp-content\/uploads\/2018\/10\/Picture1-1-300x167.png 300w, https:\/\/kst.ffzg.unizg.hr\/wp-content\/uploads\/2018\/10\/Picture1-1-768x427.png 768w, https:\/\/kst.ffzg.unizg.hr\/wp-content\/uploads\/2018\/10\/Picture1-1-1024x569.png 1024w\" sizes=\"(max-width: 1502px) 100vw, 1502px\" \/><figcaption>Nisan\u2019daki toplant\u0131da bulunan \u00fcyelerimiz<br><br><\/figcaption><\/figure>\n\n\n\n<p>\u00c7o\u011funlukla birinci s\u0131n\u0131f \u00f6\u011frencilerinin kat\u0131l\u0131m\u0131yla kul\u00fcb\u00fcm\u00fcz\u00fc yeniden aktif hale getirmek amac\u0131yla 2018 Nisan\u2019\u0131n sonunda, bir araya gelindi. Yeni bir t\u00fcz\u00fc\u011f\u00fcn haz\u0131rlan\u0131p kabul edildikten sonra yeni ba\u015fkanl\u0131k \u00fcyeleri, denetim kurulu, temsil \u00fcyeleri ve sekreter se\u00e7ildi. Kul\u00fcb\u00fcm\u00fcz\u00fcn amac\u0131; \u00f6\u011frenci projelerinin organizasyonu ve ger\u00e7ekle\u015ftirilmesi, meslek ve alakal\u0131 alanlarla ilgili forumlar, konferanslar, seminerler ve k\u00fclt\u00fcrel-sanatsal programlar, geziler d\u00fczenlenmek ve bu hedef do\u011frultusunda ortakla\u015fa \u00e7al\u0131\u015fmakt\u0131r.<\/p>\n\n\n\n<p>Dersler ve \u00d6\u011frencilerle \u00c7al\u0131\u015fma Dekan Yard\u0131mc\u0131s\u0131n\u0131n onay\u0131ndan sonra 22 Ekim 2018 tarihinde kul\u00fcb\u00fcm\u00fcz\u00fcn web sitesi eri\u015fime a\u00e7\u0131ld\u0131.<\/p>\n","protected":false},"excerpt":{"rendered":"<p>T\u00fcrkoloji \u00d6\u011frencileri Kul\u00fcb\u00fc, Zagreb \u00dcniversitesi Felsefe Fak\u00fcltesinde T\u00fcrkoloji \u00f6\u011frencileriyle \u00fcniversitenin ve di\u011fer kurumlar\u0131n idar\u00ee organlar\u0131 aras\u0131nda ileti\u015fimi sa\u011flama, \u00f6\u011frencileri ve lisans\u00fcst\u00fc T\u00fcrkologlar\u0131 bir araya getirmek amac\u0131yla 18 Kas\u0131m 2008 tarihinde kurulmu\u015ftur. Kul\u00fcb\u00fcm\u00fcz\u00fcn tarihi ge\u00e7mi\u015fe dayanmaktad\u0131r. H\u0131rvatistan dernekler sicilinde 21 Ocak 2009 tarihli 21006566 sicil numaras\u0131 ile halen T\u00fcrkoloji \u00d6\u011frencileri Kul\u00fcb\u00fc Dernek ad\u0131yla kay\u0131tl\u0131d\u0131r. Derne\u011fimizin ilk [&hellip;]<\/p>\n","protected":false},"author":2,"featured_media":0,"parent":0,"menu_order":2,"comment_status":"closed","ping_status":"closed","template":"","meta":{"spay_email":""},"_links":{"self":[{"href":"https:\/\/kst.ffzg.unizg.hr\/index.php\/wp-json\/wp\/v2\/pages\/211"}],"collection":[{"href":"https:\/\/kst.ffzg.unizg.hr\/index.php\/wp-json\/wp\/v2\/pages"}],"about":[{"href":"https:\/\/kst.ffzg.unizg.hr\/index.php\/wp-json\/wp\/v2\/types\/page"}],"author":[{"embeddable":true,"href":"https:\/\/kst.ffzg.unizg.hr\/index.php\/wp-json\/wp\/v2\/users\/2"}],"replies":[{"embeddable":true,"href":"https:\/\/kst.ffzg.unizg.hr\/index.php\/wp-json\/wp\/v2\/comments?post=211"}],"version-history":[{"count":3,"href":"https:\/\/kst.ffzg.unizg.hr\/index.php\/wp-json\/wp\/v2\/pages\/211\/revisions"}],"predecessor-version":[{"id":408,"href":"https:\/\/kst.ffzg.unizg.hr\/index.php\/wp-json\/wp\/v2\/pages\/211\/revisions\/408"}],"wp:attachment":[{"href":"https:\/\/kst.ffzg.unizg.hr\/index.php\/wp-json\/wp\/v2\/media?parent=211"}],"curies":[{"name":"wp","href":"https:\/\/api.w.org\/{rel}","templated":true}]}}