{"id":168,"date":"2018-10-24T14:52:55","date_gmt":"2018-10-24T14:52:55","guid":{"rendered":"https:\/\/kst.ffzg.unizg.hr\/?page_id=168"},"modified":"2020-05-13T14:09:06","modified_gmt":"2020-05-13T14:09:06","slug":"pocetna","status":"publish","type":"page","link":"https:\/\/kst.ffzg.unizg.hr\/","title":{"rendered":"Po\u010detna"},"content":{"rendered":"\n<p><strong>UKRATKO<\/strong><\/p>\n\n\n\n<p>Iako osnovan jo\u0161 2008. godine, Klub studenata turkologije koji djeluje pri Filozofskome fakultetu u Zagrebu po\u010dinje aktivnije djelovati ponovnim pokretanjem u travnju 2017. godine.<\/p>\n\n\n\n<p><strong>CILJEVI, NA\u010cELA, SADR\u017dAJI&#8230;<\/strong><\/p>\n\n\n\n<p>Ja\u010daju\u0107i suradnju s organizacijama i institucijama \u010diji su ciljevi sli\u010dni onima na\u0161ega Kluba, postali smo u dvije godine jedan od najaktivnijih klubova studenata na FFZG-u. Radionice hrvatskoga za turske studente, pri\u010daonice s Turcima koji \u017eive\/rade u Zagrebu, te\u010dajevi turskih narodnih plesova i filmske projekcije projekti su koje organiziraju na\u0161i studenti, a kojima i izvan nastavnih okvira odr\u017eavamo odnos s jezikom koji je sredi\u0161te na\u0161ega studija.<\/p>\n\n\n\n<p>Na samome po\u010detku ak. god. 2019\/20. organizirali smo terensku nastavu u Tursku za preko 40 studenata, a do kraja godine planiramo odr\u017eati izlo\u017ebu u sklopu Tjedna turske slovne revolucije, dok dramski ogranak na\u0161ega Kluba za prosinca priprema i predstavu na turskome!<\/p>\n\n\n\n<p><strong>KAKO&nbsp;SE&nbsp;U\u010cLANITI<\/strong><\/p>\n\n\n\n<p>\u010clanom na\u0161ega Kluba mogu postati svi studenti turkologije i to javljanjem na mail kst.ffzg@gmail.com.<\/p>\n\n\n\n<p><\/p>\n","protected":false},"excerpt":{"rendered":"<p>UKRATKO Iako osnovan jo\u0161 2008. godine, Klub studenata turkologije koji djeluje pri Filozofskome fakultetu u Zagrebu po\u010dinje aktivnije djelovati ponovnim pokretanjem u travnju 2017. godine. CILJEVI, NA\u010cELA, SADR\u017dAJI&#8230; Ja\u010daju\u0107i suradnju s organizacijama i institucijama \u010diji su ciljevi sli\u010dni onima na\u0161ega Kluba, postali smo u dvije godine jedan od najaktivnijih klubova studenata na FFZG-u. Radionice hrvatskoga [&hellip;]<\/p>\n","protected":false},"author":2,"featured_media":0,"parent":0,"menu_order":0,"comment_status":"closed","ping_status":"closed","template":"","meta":{"spay_email":""},"_links":{"self":[{"href":"https:\/\/kst.ffzg.unizg.hr\/index.php\/wp-json\/wp\/v2\/pages\/168"}],"collection":[{"href":"https:\/\/kst.ffzg.unizg.hr\/index.php\/wp-json\/wp\/v2\/pages"}],"about":[{"href":"https:\/\/kst.ffzg.unizg.hr\/index.php\/wp-json\/wp\/v2\/types\/page"}],"author":[{"embeddable":true,"href":"https:\/\/kst.ffzg.unizg.hr\/index.php\/wp-json\/wp\/v2\/users\/2"}],"replies":[{"embeddable":true,"href":"https:\/\/kst.ffzg.unizg.hr\/index.php\/wp-json\/wp\/v2\/comments?post=168"}],"version-history":[{"count":38,"href":"https:\/\/kst.ffzg.unizg.hr\/index.php\/wp-json\/wp\/v2\/pages\/168\/revisions"}],"predecessor-version":[{"id":1129,"href":"https:\/\/kst.ffzg.unizg.hr\/index.php\/wp-json\/wp\/v2\/pages\/168\/revisions\/1129"}],"wp:attachment":[{"href":"https:\/\/kst.ffzg.unizg.hr\/index.php\/wp-json\/wp\/v2\/media?parent=168"}],"curies":[{"name":"wp","href":"https:\/\/api.w.org\/{rel}","templated":true}]}}