{"id":1621,"date":"2020-05-14T10:30:06","date_gmt":"2020-05-14T10:30:06","guid":{"rendered":"https:\/\/kst.ffzg.unizg.hr\/?page_id=1621"},"modified":"2020-05-15T14:15:03","modified_gmt":"2020-05-15T14:15:03","slug":"anamaria-tokic","status":"publish","type":"page","link":"https:\/\/kst.ffzg.unizg.hr\/index.php\/tr\/hakkimizda\/bizitaniyin\/anamaria-tokic\/","title":{"rendered":"Anamaria Toki\u00e7"},"content":{"rendered":"\n<div class=\"wp-block-image\"><figure class=\"alignright is-resized\"><img loading=\"lazy\" src=\"https:\/\/kst.ffzg.unizg.hr\/wp-content\/uploads\/2020\/05\/WhatsApp-Image-2020-05-14-at-22.17.11-666x1024.jpeg\" alt=\"\" class=\"wp-image-1580\" width=\"309\" height=\"464\"\/><\/figure><\/div>\n\n\n\n<p style=\"text-align:justify\"><strong>Anamaria Toki\u0107<\/strong> \u2013 2019 Nisan&#8217;\u0131ndan beri Kul\u00fcp Sekreteridir. Do\u011fdu Dalma\u00e7ya B\u00f6lgesinde bulunan Zadar \u015fehrinde lise e\u011fitimini tamamlam\u0131\u015ft\u0131r. 2014-2015 e\u011fitim y\u0131l\u0131nda Zagreb&#8217;deki M\u00fchendislik Fak\u00fcltesinde \u0130n\u015faat M\u00fchendisli\u011fini okumaya ba\u015flam\u0131\u015f ama hem do\u011fal hem de programlama dillerine kar\u015f\u0131 olan sevgisi a\u011f\u0131r basm\u0131\u015ft\u0131r. 2017-2018 e\u011fitim y\u0131l\u0131nda Zagreb \u00dcniversitesi Felsefe Fak\u00fcltesi\u2019nde T\u00fcrkoloji ve Bilgi Bilimi alan\u0131nda \u00e7ift anadal yapmaya ba\u015flam\u0131\u015ft\u0131r. T\u00fcrkoloji ve Bilgi Bilimi \u00d6\u011frencileri Kul\u00fcplerinin \u00fcyesidir. T\u00fcrk\u00e7enin yan\u0131 s\u0131ra, \u0130ngilizce ve Almanca konu\u015fmakta, H\u0131rvat \u0130\u015faret Dili ile ilgili birka\u00e7 programlama dilini de bilmektedir.<\/p>\n","protected":false},"excerpt":{"rendered":"<p>Anamaria Toki\u0107 \u2013 2019 Nisan&#8217;\u0131ndan beri Kul\u00fcp Sekreteridir. Do\u011fdu Dalma\u00e7ya B\u00f6lgesinde bulunan Zadar \u015fehrinde lise e\u011fitimini tamamlam\u0131\u015ft\u0131r. 2014-2015 e\u011fitim y\u0131l\u0131nda Zagreb&#8217;deki M\u00fchendislik Fak\u00fcltesinde \u0130n\u015faat M\u00fchendisli\u011fini okumaya ba\u015flam\u0131\u015f ama hem do\u011fal hem de programlama dillerine kar\u015f\u0131 olan sevgisi a\u011f\u0131r basm\u0131\u015ft\u0131r. 2017-2018 e\u011fitim y\u0131l\u0131nda Zagreb \u00dcniversitesi Felsefe Fak\u00fcltesi\u2019nde T\u00fcrkoloji ve Bilgi Bilimi alan\u0131nda \u00e7ift anadal yapmaya ba\u015flam\u0131\u015ft\u0131r. [&hellip;]<\/p>\n","protected":false},"author":2,"featured_media":0,"parent":225,"menu_order":0,"comment_status":"closed","ping_status":"closed","template":"","meta":{"spay_email":""},"_links":{"self":[{"href":"https:\/\/kst.ffzg.unizg.hr\/index.php\/wp-json\/wp\/v2\/pages\/1621"}],"collection":[{"href":"https:\/\/kst.ffzg.unizg.hr\/index.php\/wp-json\/wp\/v2\/pages"}],"about":[{"href":"https:\/\/kst.ffzg.unizg.hr\/index.php\/wp-json\/wp\/v2\/types\/page"}],"author":[{"embeddable":true,"href":"https:\/\/kst.ffzg.unizg.hr\/index.php\/wp-json\/wp\/v2\/users\/2"}],"replies":[{"embeddable":true,"href":"https:\/\/kst.ffzg.unizg.hr\/index.php\/wp-json\/wp\/v2\/comments?post=1621"}],"version-history":[{"count":1,"href":"https:\/\/kst.ffzg.unizg.hr\/index.php\/wp-json\/wp\/v2\/pages\/1621\/revisions"}],"predecessor-version":[{"id":1622,"href":"https:\/\/kst.ffzg.unizg.hr\/index.php\/wp-json\/wp\/v2\/pages\/1621\/revisions\/1622"}],"up":[{"embeddable":true,"href":"https:\/\/kst.ffzg.unizg.hr\/index.php\/wp-json\/wp\/v2\/pages\/225"}],"wp:attachment":[{"href":"https:\/\/kst.ffzg.unizg.hr\/index.php\/wp-json\/wp\/v2\/media?parent=1621"}],"curies":[{"name":"wp","href":"https:\/\/api.w.org\/{rel}","templated":true}]}}