{"id":1608,"date":"2020-05-14T10:30:23","date_gmt":"2020-05-14T10:30:23","guid":{"rendered":"https:\/\/kst.ffzg.unizg.hr\/?page_id=1608"},"modified":"2020-05-15T14:08:10","modified_gmt":"2020-05-15T14:08:10","slug":"paola-brunovic","status":"publish","type":"page","link":"https:\/\/kst.ffzg.unizg.hr\/index.php\/tr\/hakkimizda\/bizitaniyin\/paola-brunovic\/","title":{"rendered":"Paola Brunovi\u00e7"},"content":{"rendered":"\n<div class=\"wp-block-image\"><figure class=\"alignright is-resized\"><img loading=\"lazy\" src=\"https:\/\/kst.ffzg.unizg.hr\/wp-content\/uploads\/2020\/05\/WhatsApp-Image-2020-05-14-at-17.52.40-683x1024.jpeg\" alt=\"\" class=\"wp-image-1483\" width=\"309\" height=\"464\"\/><\/figure><\/div>\n\n\n\n<p style=\"text-align:justify\"><strong>Paola Brunovi\u0107 <\/strong>\u2013 2018 Nisan\u2019\u0131ndan beri Kul\u00fcp Denetim Kurulu \u00fcyesidir. Zagreb\u2019de ilk ve ortaokul ile lise bitirdikten sonra 2017-2018 e\u011fitim y\u0131l\u0131nda Zagreb \u00dcniversitesi Felsefe Fak\u00fcltesi\u2019nde T\u00fcrkoloji ile Frans\u0131z Dili ve Edebiyat\u0131 B\u00f6l\u00fcm\u00fcnde e\u011fitimine ba\u015flam\u0131\u015ft\u0131r. H\u0131rvat-T\u00fcrk Dostluk Derne\u011fi\u2019nin aktif \u00fcyesidir. Yabanc\u0131 k\u00fclt\u00fcrlere y\u00f6nelik b\u00fcy\u00fck bir ilgi g\u00f6sterip, T\u00fcrk\u00e7enin yan\u0131 s\u0131ra \u0130ngilizce, Frans\u0131zca, \u0130spanyolca ve Almanca bilmektedir. Avrupa Birli\u011fi\u2019nin himayesi alt\u0131nda d\u00fczenlenen birka\u00e7 projede yer alm\u0131\u015ft\u0131r. 2021 y\u0131l\u0131nda Ankara\u2019daki Erasmus \u00f6\u011frenci de\u011fi\u015fim program\u0131nda yer alacakt\u0131r.<\/p>\n","protected":false},"excerpt":{"rendered":"<p>Paola Brunovi\u0107 \u2013 2018 Nisan\u2019\u0131ndan beri Kul\u00fcp Denetim Kurulu \u00fcyesidir. Zagreb\u2019de ilk ve ortaokul ile lise bitirdikten sonra 2017-2018 e\u011fitim y\u0131l\u0131nda Zagreb \u00dcniversitesi Felsefe Fak\u00fcltesi\u2019nde T\u00fcrkoloji ile Frans\u0131z Dili ve Edebiyat\u0131 B\u00f6l\u00fcm\u00fcnde e\u011fitimine ba\u015flam\u0131\u015ft\u0131r. H\u0131rvat-T\u00fcrk Dostluk Derne\u011fi\u2019nin aktif \u00fcyesidir. Yabanc\u0131 k\u00fclt\u00fcrlere y\u00f6nelik b\u00fcy\u00fck bir ilgi g\u00f6sterip, T\u00fcrk\u00e7enin yan\u0131 s\u0131ra \u0130ngilizce, Frans\u0131zca, \u0130spanyolca ve Almanca bilmektedir. [&hellip;]<\/p>\n","protected":false},"author":2,"featured_media":0,"parent":225,"menu_order":0,"comment_status":"closed","ping_status":"closed","template":"","meta":{"spay_email":""},"_links":{"self":[{"href":"https:\/\/kst.ffzg.unizg.hr\/index.php\/wp-json\/wp\/v2\/pages\/1608"}],"collection":[{"href":"https:\/\/kst.ffzg.unizg.hr\/index.php\/wp-json\/wp\/v2\/pages"}],"about":[{"href":"https:\/\/kst.ffzg.unizg.hr\/index.php\/wp-json\/wp\/v2\/types\/page"}],"author":[{"embeddable":true,"href":"https:\/\/kst.ffzg.unizg.hr\/index.php\/wp-json\/wp\/v2\/users\/2"}],"replies":[{"embeddable":true,"href":"https:\/\/kst.ffzg.unizg.hr\/index.php\/wp-json\/wp\/v2\/comments?post=1608"}],"version-history":[{"count":1,"href":"https:\/\/kst.ffzg.unizg.hr\/index.php\/wp-json\/wp\/v2\/pages\/1608\/revisions"}],"predecessor-version":[{"id":1609,"href":"https:\/\/kst.ffzg.unizg.hr\/index.php\/wp-json\/wp\/v2\/pages\/1608\/revisions\/1609"}],"up":[{"embeddable":true,"href":"https:\/\/kst.ffzg.unizg.hr\/index.php\/wp-json\/wp\/v2\/pages\/225"}],"wp:attachment":[{"href":"https:\/\/kst.ffzg.unizg.hr\/index.php\/wp-json\/wp\/v2\/media?parent=1608"}],"curies":[{"name":"wp","href":"https:\/\/api.w.org\/{rel}","templated":true}]}}