{"id":147,"date":"2018-10-24T14:13:47","date_gmt":"2018-10-24T14:13:47","guid":{"rendered":"https:\/\/kst.ffzg.unizg.hr\/?page_id=147"},"modified":"2023-11-27T17:48:32","modified_gmt":"2023-11-27T17:48:32","slug":"saziv-kluba","status":"publish","type":"page","link":"https:\/\/kst.ffzg.unizg.hr\/index.php\/about\/saziv-kluba\/","title":{"rendered":"Tko je tko u Klubu?"},"content":{"rendered":"\n<p class=\"has-text-align-left\"><strong>Sastav Kluba (prema zaklju\u010dima s 12. sjednice odr\u017eane 26. kolovoza 2021. godine):<\/strong><\/p>\n\n\n\n<div class=\"wp-block-columns\">\n<div class=\"wp-block-column\">\n<div class=\"wp-block-columns\">\n<div class=\"wp-block-column\">\n<p>Predsjednica Kluba<\/p>\n\n\n\n<figure class=\"wp-block-image size-large is-style-default\"><img loading=\"lazy\" width=\"875\" height=\"1024\" src=\"https:\/\/kst.ffzg.unizg.hr\/wp-content\/uploads\/2023\/11\/20231026_201920-2-1-875x1024.jpg\" alt=\"\" class=\"wp-image-2280\" srcset=\"https:\/\/kst.ffzg.unizg.hr\/wp-content\/uploads\/2023\/11\/20231026_201920-2-1-875x1024.jpg 875w, https:\/\/kst.ffzg.unizg.hr\/wp-content\/uploads\/2023\/11\/20231026_201920-2-1-256x300.jpg 256w, https:\/\/kst.ffzg.unizg.hr\/wp-content\/uploads\/2023\/11\/20231026_201920-2-1-768x899.jpg 768w, https:\/\/kst.ffzg.unizg.hr\/wp-content\/uploads\/2023\/11\/20231026_201920-2-1-1313x1536.jpg 1313w, https:\/\/kst.ffzg.unizg.hr\/wp-content\/uploads\/2023\/11\/20231026_201920-2-1-1751x2048.jpg 1751w, https:\/\/kst.ffzg.unizg.hr\/wp-content\/uploads\/2023\/11\/20231026_201920-2-1.jpg 2036w\" sizes=\"(max-width: 875px) 100vw, 875px\" \/><\/figure>\n\n\n\n<h2 class=\"has-regular-font-size\"><\/h2>\n<\/div>\n\n\n\n<div class=\"wp-block-column\">\n<h2 class=\"has-regular-font-size\">Zamjenica<\/h2>\n\n\n\n<figure class=\"wp-block-image size-medium is-style-default\"><a href=\"https:\/\/kst.ffzg.unizg.hr\/index.php\/about\/saziv-kluba\/nika-peric\/\"><img loading=\"lazy\" width=\"200\" height=\"300\" src=\"https:\/\/kst.ffzg.unizg.hr\/wp-content\/uploads\/2021\/08\/Nika-Peric\u0301-edited-200x300.jpg\" alt=\"\" class=\"wp-image-2052\" srcset=\"https:\/\/kst.ffzg.unizg.hr\/wp-content\/uploads\/2021\/08\/Nika-Peric\u0301-edited-200x300.jpg 200w, https:\/\/kst.ffzg.unizg.hr\/wp-content\/uploads\/2021\/08\/Nika-Peric\u0301-edited-684x1024.jpg 684w, https:\/\/kst.ffzg.unizg.hr\/wp-content\/uploads\/2021\/08\/Nika-Peric\u0301-edited-768x1150.jpg 768w, https:\/\/kst.ffzg.unizg.hr\/wp-content\/uploads\/2021\/08\/Nika-Peric\u0301-edited.jpg 1000w\" sizes=\"(max-width: 200px) 100vw, 200px\" \/><\/a><\/figure>\n<\/div>\n<\/div>\n<\/div>\n\n\n\n<div class=\"wp-block-column\">\n<div class=\"wp-block-columns\">\n<div class=\"wp-block-column\">\n<h2 class=\"has-regular-font-size\">Tajnica Kluba<\/h2>\n\n\n\n<figure class=\"wp-block-image size-medium is-style-default\"><a href=\"https:\/\/kst.ffzg.unizg.hr\/index.php\/about\/saziv-kluba\/laura-lasan\/\"><img loading=\"lazy\" width=\"225\" height=\"300\" src=\"https:\/\/kst.ffzg.unizg.hr\/wp-content\/uploads\/2021\/08\/IMG-20210828-WA0001-225x300.jpg\" alt=\"\" class=\"wp-image-2086\" srcset=\"https:\/\/kst.ffzg.unizg.hr\/wp-content\/uploads\/2021\/08\/IMG-20210828-WA0001-225x300.jpg 225w, https:\/\/kst.ffzg.unizg.hr\/wp-content\/uploads\/2021\/08\/IMG-20210828-WA0001-768x1024.jpg 768w, https:\/\/kst.ffzg.unizg.hr\/wp-content\/uploads\/2021\/08\/IMG-20210828-WA0001.jpg 1104w\" sizes=\"(max-width: 225px) 100vw, 225px\" \/><\/a><\/figure>\n<\/div>\n\n\n\n<div class=\"wp-block-column\">\n<h2 class=\"has-regular-font-size\">Po\u010dasni predsjednik<\/h2>\n\n\n\n<figure class=\"wp-block-image size-medium is-style-default\"><a href=\"https:\/\/kst.ffzg.unizg.hr\/index.php\/about\/saziv-kluba\/marko-sapina\/\"><img loading=\"lazy\" width=\"200\" height=\"300\" src=\"https:\/\/kst.ffzg.unizg.hr\/wp-content\/uploads\/2021\/08\/1d8b59c8-edff-4489-a454-903abdc5206b-edited-200x300.jpg\" alt=\"\" class=\"wp-image-2053\" srcset=\"https:\/\/kst.ffzg.unizg.hr\/wp-content\/uploads\/2021\/08\/1d8b59c8-edff-4489-a454-903abdc5206b-edited-200x300.jpg 200w, https:\/\/kst.ffzg.unizg.hr\/wp-content\/uploads\/2021\/08\/1d8b59c8-edff-4489-a454-903abdc5206b-edited-684x1024.jpg 684w, https:\/\/kst.ffzg.unizg.hr\/wp-content\/uploads\/2021\/08\/1d8b59c8-edff-4489-a454-903abdc5206b-edited-768x1151.jpg 768w, https:\/\/kst.ffzg.unizg.hr\/wp-content\/uploads\/2021\/08\/1d8b59c8-edff-4489-a454-903abdc5206b-edited-1025x1536.jpg 1025w, https:\/\/kst.ffzg.unizg.hr\/wp-content\/uploads\/2021\/08\/1d8b59c8-edff-4489-a454-903abdc5206b-edited.jpg 1064w\" sizes=\"(max-width: 200px) 100vw, 200px\" \/><\/a><\/figure>\n<\/div>\n<\/div>\n<\/div>\n<\/div>\n\n\n\n<div class=\"wp-block-columns\">\n<div class=\"wp-block-column\">\n<div class=\"wp-block-columns\">\n<div class=\"wp-block-column\">\n<p><a href=\"https:\/\/kst.ffzg.unizg.hr\/index.php\/about\/saziv-kluba\/andrea-reljac\/\" data-type=\"page\" data-id=\"2014\">ANDREA RELJAC<\/a><\/p>\n<\/div>\n\n\n\n<div class=\"wp-block-column\">\n<p><a href=\"https:\/\/kst.ffzg.unizg.hr\/index.php\/about\/saziv-kluba\/nika-peric\/\">NIKA PERI\u0106<\/a><\/p>\n<\/div>\n<\/div>\n<\/div>\n\n\n\n<div class=\"wp-block-column\">\n<div class=\"wp-block-columns\">\n<div class=\"wp-block-column\">\n<p><a href=\"https:\/\/kst.ffzg.unizg.hr\/index.php\/about\/saziv-kluba\/laura-lasan\/\">LAURA LASAN<\/a><\/p>\n<\/div>\n\n\n\n<div class=\"wp-block-column\">\n<p><a href=\"https:\/\/kst.ffzg.unizg.hr\/index.php\/about\/saziv-kluba\/marko-sapina\/\">MARKO \u0160APINA<\/a><\/p>\n<\/div>\n<\/div>\n<\/div>\n<\/div>\n\n\n\n<p class=\"has-text-align-center has-normal-font-size\">\u010cLANOVI UPRAVNOG ODBORA<\/p>\n\n\n\n<div class=\"wp-block-columns\">\n<div class=\"wp-block-column\">\n<figure class=\"wp-block-image size-large is-resized\"><a href=\"https:\/\/kst.ffzg.unizg.hr\/index.php\/about\/saziv-kluba\/lucija-dodig\/\"><img loading=\"lazy\" src=\"https:\/\/kst.ffzg.unizg.hr\/wp-content\/uploads\/2021\/08\/WhatsApp-Image-2021-08-30-at-00.20.59-768x1024.jpeg\" alt=\"\" class=\"wp-image-2088\" width=\"194\" height=\"258\" srcset=\"https:\/\/kst.ffzg.unizg.hr\/wp-content\/uploads\/2021\/08\/WhatsApp-Image-2021-08-30-at-00.20.59-768x1025.jpeg 768w, https:\/\/kst.ffzg.unizg.hr\/wp-content\/uploads\/2021\/08\/WhatsApp-Image-2021-08-30-at-00.20.59-225x300.jpeg 225w, https:\/\/kst.ffzg.unizg.hr\/wp-content\/uploads\/2021\/08\/WhatsApp-Image-2021-08-30-at-00.20.59.jpeg 946w\" sizes=\"(max-width: 194px) 100vw, 194px\" \/><\/a><\/figure>\n\n\n\n<p class=\"has-text-align-center\"><a href=\"https:\/\/kst.ffzg.unizg.hr\/index.php\/lucija-dodig\/\" data-type=\"page\" data-id=\"2032\">LUCIJA DODIG<\/a><\/p>\n<\/div>\n\n\n\n<div class=\"wp-block-column\">\n<figure class=\"wp-block-image size-large is-resized is-style-default\"><a href=\"https:\/\/kst.ffzg.unizg.hr\/index.php\/about\/saziv-kluba\/rebecca-susnic\/\"><img loading=\"lazy\" src=\"https:\/\/kst.ffzg.unizg.hr\/wp-content\/uploads\/2021\/08\/2021-08-25-16-53-19-143-768x1024.jpg\" alt=\"\" class=\"wp-image-2079\" width=\"192\" height=\"256\" srcset=\"https:\/\/kst.ffzg.unizg.hr\/wp-content\/uploads\/2021\/08\/2021-08-25-16-53-19-143-768x1024.jpg 768w, https:\/\/kst.ffzg.unizg.hr\/wp-content\/uploads\/2021\/08\/2021-08-25-16-53-19-143-225x300.jpg 225w, https:\/\/kst.ffzg.unizg.hr\/wp-content\/uploads\/2021\/08\/2021-08-25-16-53-19-143-1152x1536.jpg 1152w, https:\/\/kst.ffzg.unizg.hr\/wp-content\/uploads\/2021\/08\/2021-08-25-16-53-19-143.jpg 1200w\" sizes=\"(max-width: 192px) 100vw, 192px\" \/><\/a><\/figure>\n\n\n\n<p class=\"has-text-align-center\"><a href=\"https:\/\/kst.ffzg.unizg.hr\/index.php\/rebecca-susnic\/\" data-type=\"page\" data-id=\"2034\">REBECCA \u0160U\u0160NI\u0106<\/a><\/p>\n<\/div>\n\n\n\n<div class=\"wp-block-column\">\n<figure class=\"wp-block-image size-large is-resized is-style-default\"><a href=\"https:\/\/kst.ffzg.unizg.hr\/index.php\/about\/saziv-kluba\/karla-zadro\/\"><img loading=\"lazy\" src=\"https:\/\/kst.ffzg.unizg.hr\/wp-content\/uploads\/2021\/08\/WhatsApp-Image-2021-08-27-at-03.20.28-819x1024.jpeg\" alt=\"\" class=\"wp-image-2057\" width=\"205\" height=\"256\" srcset=\"https:\/\/kst.ffzg.unizg.hr\/wp-content\/uploads\/2021\/08\/WhatsApp-Image-2021-08-27-at-03.20.28-819x1024.jpeg 819w, https:\/\/kst.ffzg.unizg.hr\/wp-content\/uploads\/2021\/08\/WhatsApp-Image-2021-08-27-at-03.20.28-240x300.jpeg 240w, https:\/\/kst.ffzg.unizg.hr\/wp-content\/uploads\/2021\/08\/WhatsApp-Image-2021-08-27-at-03.20.28-768x960.jpeg 768w, https:\/\/kst.ffzg.unizg.hr\/wp-content\/uploads\/2021\/08\/WhatsApp-Image-2021-08-27-at-03.20.28-1229x1536.jpeg 1229w, https:\/\/kst.ffzg.unizg.hr\/wp-content\/uploads\/2021\/08\/WhatsApp-Image-2021-08-27-at-03.20.28.jpeg 1280w\" sizes=\"(max-width: 205px) 100vw, 205px\" \/><\/a><\/figure>\n\n\n\n<p class=\"has-text-align-center\"><a href=\"https:\/\/kst.ffzg.unizg.hr\/index.php\/karla-zadro\/\" data-type=\"page\" data-id=\"2036\">KARLA ZADRO<\/a><\/p>\n<\/div>\n<\/div>\n\n\n\n<p class=\"has-text-color\" style=\"color:#fbfbfb\"><\/p>\n","protected":false},"excerpt":{"rendered":"<p>Sastav Kluba (prema zaklju\u010dima s 12. sjednice odr\u017eane 26. kolovoza 2021. godine): \u010cLANOVI UPRAVNOG ODBORA LUCIJA DODIG REBECCA \u0160U\u0160NI\u0106 KARLA ZADRO<\/p>\n","protected":false},"author":2,"featured_media":0,"parent":9,"menu_order":0,"comment_status":"closed","ping_status":"closed","template":"","meta":{"spay_email":""},"_links":{"self":[{"href":"https:\/\/kst.ffzg.unizg.hr\/index.php\/wp-json\/wp\/v2\/pages\/147"}],"collection":[{"href":"https:\/\/kst.ffzg.unizg.hr\/index.php\/wp-json\/wp\/v2\/pages"}],"about":[{"href":"https:\/\/kst.ffzg.unizg.hr\/index.php\/wp-json\/wp\/v2\/types\/page"}],"author":[{"embeddable":true,"href":"https:\/\/kst.ffzg.unizg.hr\/index.php\/wp-json\/wp\/v2\/users\/2"}],"replies":[{"embeddable":true,"href":"https:\/\/kst.ffzg.unizg.hr\/index.php\/wp-json\/wp\/v2\/comments?post=147"}],"version-history":[{"count":111,"href":"https:\/\/kst.ffzg.unizg.hr\/index.php\/wp-json\/wp\/v2\/pages\/147\/revisions"}],"predecessor-version":[{"id":2338,"href":"https:\/\/kst.ffzg.unizg.hr\/index.php\/wp-json\/wp\/v2\/pages\/147\/revisions\/2338"}],"up":[{"embeddable":true,"href":"https:\/\/kst.ffzg.unizg.hr\/index.php\/wp-json\/wp\/v2\/pages\/9"}],"wp:attachment":[{"href":"https:\/\/kst.ffzg.unizg.hr\/index.php\/wp-json\/wp\/v2\/media?parent=147"}],"curies":[{"name":"wp","href":"https:\/\/api.w.org\/{rel}","templated":true}]}}